?
-697
Let m(z) = -37547*z + 788484. Give m(21).
-3
Let r(y) = 30521*y + 2258659. Calculate r(-74).
105
Let u(w) = w**3 - 57*w**2 - 341*w + 5711. Calculate u(61).
-206
Let v(d) = -8*d**3 - 24*d**2 + 226*d + 678. Determine v(-3).
0
Let b(d) = 7*d**3 + 11*d**2 - 13*d - 532. Determine b(0).
-532
Let n(s) = -3*s**3 - 529*s**2 - 159*s + 447. Calculate n(-176).
-2545
Let z(w) = -8*w**3 - 4956*w**2 + 27508*w + 5002. Determine z(-625).
2
Let k(j) = -316*j - 37803. Determine k(-120).
117
Let h(q) = 3*q**3 + 788*q**2 + 2343*q + 12. What is h(-3)?
-6
Let q(f) = -f**2 - 170850*f + 854269. Calculate q(5).
-6
Let h(a) = a**3 - 77*a**2 + 571*a + 2667. What is h(12)?
159
Let i(y) = -1586*y - 95758. Calculate i(-60).
-598
Let r(x) = -10*x**3 + 274*x**2 - 362*x - 48. Calculate r(26).
4
Let z(d) = -d**3 - 5276*d**2 + 21175*d - 228. Give z(4).
-8
Let y(x) = -x**3 - 128*x**2 + 459*x + 8171. What is y(-131)?
-475
Let n(i) = i**2 - 95*i - 4104. What is n(128)?
120
Let y(l) = -5*l**2 - 4289*l + 4299. Calculate y(1).
5
Let g(h) = 43*h**3 - 526*h**2 + 153*h - 76. What is g(12)?
320
Let u(v) = -v**3 - 273*v**2 - 439*v + 378513. Determine u(-266).
-5
Let l(r) = -2459*r - 1536912. Give l(-625).
-37
Let a(o) = 868*o + 7940. Give a(-8).
996
Let u(z) = -2785*z - 2558. Calculate u(0).
-2558
Let j(s) = 58*s**3 + 398*s**2 - 400*s. Calculate j(1).
56
Let z(y) = 152*y**2 - 1068*y + 321. Determine z(7).
293
Let b(x) = x**2 - 1047*x - 25872. Calculate b(-24).
-168
Let j(a) = a**3 - 96*a**2 + 1429*a - 75. Give j(18).
375
Let c(z) = 2750*z - 35823. Determine c(13).
-73
Let m(d) = d**3 + 103*d**2 - 119*d + 9536. Give m(-105).
-19
Let d(i) = -i**2 + 125*i - 3369. Determine d(104).
-1185
Let k(a) = 3095*a + 15472. Calculate k(-5).
-3
Let o(y) = -y**2 - 59*y - 663. Calculate o(-45).
-33
Let w(b) = -4*b**2 + 646*b - 2949. Calculate w(157).
-123
Let f(w) = -733*w - 356347. Determine f(-486).
-109
Let j(d) = -d**3 + 55*d**2 + 159*d - 78. Calculate j(58).
-948
Let j(r) = 18*r**2 + 1129*r + 3963. Determine j(-59).
10
Let g(z) = 83117*z - 1662381. Calculate g(20).
-41
Let p(d) = d**2 + 11118*d - 144676. What is p(13)?
27
Let n(f) = 6*f**2 + 906*f - 8136. What is n(9)?
504
Let b(g) = 4*g**2 - 230*g + 4062. Calculate b(25).
812
Let m(r) = -5*r**2 - 727*r - 2866. Determine m(-4).
-38
Let c(y) = y**2 - 91*y - 3176. Give c(111).
-956
Let q(o) = -o**2 + 19935*o - 12851750. Calculate q(667).
6
Let p(q) = q**3 + 174*q**2 - 10*q - 72. Give p(0).
-72
Let v(w) = 3*w**2 - 1750*w + 169372. Give v(123).
-491
Let x(i) = 82176*i + 2876188. Give x(-35).
28
Let a(h) = 7*h**2 - 696*h + 8065. Calculate a(86).
-19
Let m(w) = 2*w**3 + 20*w**2 + 10*w - 213. Calculate m(-4).
-61
Let u(m) = -2*m**2 + 840*m - 7581. Determine u(9).
-183
Let n(g) = 42*g**2 - 3551*g + 74992. Determine n(41).
3
Let x(f) = 7*f**2 + 3705*f + 18501. Give x(-5).
151
Let y(h) = -2*h**3 + 11*h**2 - 292*h + 548. Determine y(2).
-8
Let w(d) = 5557*d - 105494. Calculate w(19).
89
Let u(m) = m**3 - 19*m**2 + 89*m + 17. Calculate u(5).
112
Let d(s) = -3*s**2 + 251*s + 2206. Calculate d(-8).
6
Let p(t) = -1230*t + 2491. Determine p(2).
31
Let t(z) = z**3 - 1824*z**2 - 21955*z - 141365. Calculate t(1836).
7
Let x(g) = 2*g**2 + 2826*g + 507254. Calculate x(-211).
10
Let a(q) = -51*q**2 - 3952*q + 1847. Calculate a(-78).
-181
Let i(d) = 3*d**2 - 306*d - 15757. Give i(-47).
5252
Let i(q) = 117*q**2 - 1668*q + 43. Calculate i(14).
-377
Let r(b) = -803*b - 5212. What is r(-9)?
2015
Let q(l) = -26759*l + 321117. Give q(12).
9
Let j(x) = -2*x**3 - 53*x**2 + x - 306. Give j(-27).
396
Let a(b) = -b**2 + 9210*b + 8725819. Give a(-866).
3
Let f(k) = 52*k**2 + 2914*k - 241. Calculate f(-56).
-353
Let f(o) = o**3 - 28*o**2 + 94*o - 465. Give f(25).
10
Let u(f) = -f**2 - 2014*f + 42715. What is u(21)?
-20
Let t(u) = -592*u + 82866. Determine t(140).
-14
Let i(b) = -b**3 + 200*b**2 - 770*b - 2620. Calculate i(196).
124
Let t(p) = 5*p**2 - 478*p - 2304. Determine t(101).
423
Let q(k) = -k**3 - 14*k**2 + 742*k + 11756. What is q(-17)?
9
Let m(k) = 2*k**2 + 713*k - 74521. Calculate m(-441).
8
Let a(q) = 18*q**2 - 225*q - 355. Calculate a(13).
-238
Let m(c) = -26*c + 273. Calculate m(-7).
455
Let s(g) = 799*g**2 - 18*g - 63. Determine s(-2).
3169
Let p(a) = -5*a**2 + 30984*a + 124018. What is p(-4)?
2
Let x(f) = -40*f**3 + 6042*f**2 - 345*f + 6492. Determine x(151).
-1
Let q(j) = -7*j**2 + 76*j + 1331. Determine q(-21).
-3352
Let o(m) = -m**3 + 60*m**2 - 833*m + 489. Determine o(39).
-57
Let y(g) = 2*g**3 - 22*g**2 - 81*g. Give y(0).
0
Let i(x) = -194*x**2 - 1673*x - 156. What is i(-9)?
-813
Let y(q) = -114*q**2 - 97*q - 10. Determine y(6).
-4696
Let m(f) = 37*f**2 - 874*f - 1754. What is m(25)?
-479
Let h(s) = 6*s**2 - 294*s + 435. What is h(48)?
147
Let x(q) = -39*q**3 - 197*q**2 - 229*q - 15. What is x(-5)?
1080
Let j(s) = -1556*s + 47501. Calculate j(30).
821
Let m(o) = -4*o**3 + 222*o**2 + 2538*o - 2. Calculate m(65).
4418
Let l(b) = 58115*b + 522964. What is l(-9)?
-71
Let a(k) = -5622*k - 157467. What is a(-28)?
-51
Let i(y) = 2*y**3 + 73*y**2 + 2264*y + 71180. Calculate i(-34).
-16
Let t(f) = -f**3 - 45*f**2 - 185*f + 563. Determine t(-7).
-4
Let w(i) = -24*i**3 - 113*i**2 - 24*i - 18. Determine w(-4).
-194
Let m(i) = -9*i**2 + 446*i + 73. Determine m(49).
318
Let p(o) = 1185*o - 10792. What is p(9)?
-127
Let j(t) = 2*t**2 - 629*t + 39595. Determine j(87).
10
Let h(r) = 1502*r**2 - 115657*r + 223. Determine h(77).
-8
Let j(y) = -91*y**2 - 653*y + 2574. Calculate j(-10).
4
Let o(d) = 11*d**3 + 341*d**2 + 334*d + 3. Determine o(-1).
-1
Let b(x) = x**2 + 86*x - 6419. What is b(48)?
13
Let l(y) = 2*y**2 + 3714*y - 41100. Calculate l(-1868).
-4
Let y(x) = -3*x**2 - 519*x + 1541. Determine y(-176).
-43
Let h(k) = -2*k**3 + 190*k**2 + 198*k - 583. Determine h(96).
-7
Let p(l) = 41336*l - 454688. Give p(11).
8
Let k(y) = 28*y**2 - 624*y + 34. Determine k(23).
494
Let d(f) = -12734*f + 19253781. Give d(1512).
-27
Let f(w) = -2*w**3 - 9*w**2 + 2010*w + 11988. Give f(-6).
36
Let v(d) = -22*d**2 + 379*d - 1868. Give v(5).
-523
Let h(u) = 4*u**2 + 7220*u + 100473. Determine h(-14).
177
Let x(r) = 512*r**3 + 14*r**2 - 7*r - 4. Give x(-1).
-495
Let x(j) = 2*j**3 + 551*j**2 - 8412*j - 602. Give x(-290).
-22
Let a(y) = 83*y**2 - 3866*y + 28106. What is a(9)?
35
Let s(l) = 10*l**3 + 1767*l**2 - 524*l + 91. Give s(-177).
-1148
Let y(i) = 241*i**2 + 1421*i - 160. What is y(-6)?
-10
Let y(b) = -25289*b - 26477578. Give y(-1047).
5
Let t(i) = -30697*i + 336988. Calculate t(11).
-679
Let y(a) = -1525*a + 247042. Calculate y(162).
-8
Let y(s) = 68*s**2 + 343*s + 13. Determine y(-5).
-2
Let j(d) = -59*d**3 + 4*d**2 - 26*d - 57. What is j(-2)?
483
Let q(d) = -253*d**2 - 30*d + 1. Determine q(-1).
-222
Let z(x) = -31121*x - 280031. Calculate z(-9).
58
Let m(c) = c**3 - 194*c**2 + 326*c + 11132. Determine m(192).
-4
Let y(t) = 65*t + 995. Determine y(-26).
-695
Let c(o) = o**3 - 141*o**2 + 349*o - 112478. What is c(144)?
-14
Let g(v) = v**3 + 936*v**2 + 1880*v + 17. Calculate g(-2).
-7
Let f(b) = -b**2 + 4519*b - 103177. Calculate f(23).
231
Let u(a) = 32178*a - 225231. Give u(7).
15
Let s(f) = -23888*f - 214988. Give s(-9).
4
Let n(h) = 25*h**2 - 533*h - 3225. Calculate n(-6).
873
Let d(j) = j**3 - 22*j**2 + 16*j + 630. What is d(7)?
7
Let j(r) = 22*r**2 + 428*r - 1785. Determine j(5).
905
Let l(v) = 5*v**2 - 16*v + 42. Determine l(7).
175
Let r(s) = s**3 - 20*s**2 - 43*s + 502. What is r(21)?
40
Let f(s) = -s**3 - 25*s**2 + 93*s + 2838. Give f(-24).
30
Let h(n) = -2*n**2 + 78125*n - 156249. Determine h(2).
-7
Let u(i) = -11724*i - 175951. Give u(-15).
-91
Let t(w) = w**3 - 81*w**2 - 423*w + 573. Determine t(-6).
-21
Let s(m) = -m**2 - 154*m - 2205. Give s(-13).
-372
Let t(u) = 2*u**3 + 35*u**2 - 1160*u - 203. Calculate t(17).
18
Let a(v) = -14879*v + 5490357. Calculate a(369).
6
Let j(u) = -110*u - 3451. What is j(-31)?
-41
Let d(l) = -6*l**2 - 4553*l - 27133. Calculate d(-6).
-31
Let l(g) = 26*g**2 + 4817*g + 14460. Determine l(-3).
243
Let r(b) = -21*b**2 - 380*b + 3894. What is r(10)?
-2006
Let t(b) = 17*b**2 - 25356*b + 189957. Determine t(1484).
5
Let j(c) = 256*c**2 - 2813*c - 13. Give j(11).
20
Let o(f) = -f**2 - 57*f + 59453. Determine o(217).
-5
Let v(w) = -296*w**2 + 35*w +